ainder when g is divided by z.
8
Let m = -24 - -35. Let f(a) = a**3 - 37*a**2 + 319*a - 10129. What is the remainder when f(36) is divided by m?
4
Suppose -72 - 18 = -5*s + 5*g, 0 = 3*g. Suppose 0 = 3*x - 5*q + 69, 2*x = -2*x + 4*q - 92. Let t = x + 57. What is the remainder when t is divided by s?
16
Let m(o) = 22*o**3 - 30*o**2 + 30*o - 8. Calculate the remainder when m(6) is divided by 35.
29
Let b = -8341 - -15349. Suppose 0 = -5*v + 53*v - b. What is the remainder when v is divided by 17?
10
Suppose -38*z + 19 = -513. What is the remainder when 893 is divided by z?
11
Let m(i) = -i**3 + 18*i**2 + 13*i - 38. Let a be m(13). Calculate the remainder when 65/(-25) + 2 + a/10 is divided by 33.
31
Let p = -8138 - -8735. Calculate the remainder when p is divided by 294.
9
Let t = 224 + -33. Calculate the remainder when (3 - t)*11/(-22) is divided by 24.
22
Let m(x) = 1211*x**2 - 23*x - 86. What is the remainder when m(-4) is divided by 71?
70
Let k = -22087 + 22437. What is the remainder when 2454 is divided by k?
4
What is the remainder when 2*2/(-3)*(-503457)/566 is divided by 18?
16
Let f(a) = -602*a + 3073. What is the remainder when f(5) is divided by 22?
19
Suppose -3*t + a = -5045, -3*a + 7446 = 5*t - 953. Calculate the remainder when t is divided by 9.
7
Calculate the remainder when 794 is divided by ((-53)/3 + 15)*(-39)/(-4)*-10.
14
Let f = 134 - -231. Let z = f + -329. Calculate the remainder when 359 is divided by z.
35
Calculate the remainder when ((-18)/7)/((-97)/8148) is divided by 201.
15
Suppose -2*v = 4 + 2, -3*b - 3*v = 0. Suppose 6*l - b*l + 285 = 0. Let r = -70 - l. What is the remainder when 99 is divided by r?
24
Calculate the remainder when (-20 + 9)*(-54 + -60) is divided by 158.
148
Suppose 89 = 5*y - 2*m, -7*m + 6*m + 8 = 0. What is the remainder when 17595 is divided by y?
18
Let m = -27707 - -27719. Let o(v) = -62*v + 1. Calculate the remainder when o(-4) is divided by m.
9
Let i(x) = -2*x**2 - 24*x + 16. Let j = -76 + 64. Let d be i(j). Calculate the remainder when 44 is divided by ((-26)/(-5))/(d/40).
5
Let x = -184 - -14. Let u = -165 - x. What is the remainder when 7 is divided by u?
2
Suppose 2*k = -5*o, 0 = 5*k - 2 + 27. Suppose -8*b = -10*b - o. Calculate the remainder when ((-82)/6)/(b/3) is divided by 6.
5
Let d be (-7)/(105/50)*12/5. Let v(s) = 3*s**2 + 13*s + 24. What is the remainder when v(d) is divided by 39?
34
Let c be (-9 - -2) + -3 + 169. Suppose 19*o = 16*o + c. Calculate the remainder when 133 is divided by o.
27
Let h(o) = 3*o**2 + 2*o - 28. Let r be h(-4). Calculate the remainder when 52 is divided by r/(-44) + 2412/132.
16
Suppose -2275*o - 294 = -2296*o. Suppose 2*d - 16 = -2*d. Calculate the remainder when (-90)/(-4) - (-2)/d is divided by o.
9
Let u = -292 + 288. What is the remainder when 202 is divided by (1/(1 - 5))/(u/992)?
16
Calculate the remainder when (-31)/((-155)/70) - -1050 is divided by 15.
14
Let q(y) = -y**3 - 27*y**2 - 23*y + 78. Let c be q(-26). Suppose -27*v + 6646 - 733 = c. Calculate the remainder when v is divided by 44.
43
Let u be 41/(6/210*5). Let t = 311 - u. Calculate the remainder when 165 is divided by t.
21
What is the remainder when (-2 + 36/126)*154/(-4) is divided by (-2)/(-5) - 186/(-10)?
9
Suppose -8*k = -5*k - 15. Calculate the remainder when k/1 + 109 + -14 is divided by 53.
47
Let f(d) = d**2 + 13*d + 7. Suppose -4*t = -5*w + 426, -4*t - 17 + 1 = 0. Let g = w - 56. Calculate the remainder when g is divided by f(-13).
5
Calculate the remainder when 158 is divided by 76/(-19) + ((-324)/63)/((-1)/7).
30
Let h(u) = 4*u**2 - 182*u - 89. Let j be h(46). Suppose 0*c - 396 = -2*m - 3*c, -j*m + 3*c = -624. What is the remainder when m is divided by 35?
29
Suppose -5*y = 4*n - 292, 4*n - 837 = 4*y - 509. Calculate the remainder when 246 is divided by n.
12
Suppose -14*j = -3146 + 864. What is the remainder when 329 is divided by j?
3
Let y(z) = 22*z**2 - 6*z - 227. Calculate the remainder when y(-7) is divided by 239.
176
Let u = 3268 - 409. What is the remainder when u is divided by 106?
103
Let w(u) = -u + 6. Let m be w(-4). Let l be 2 + -1 - (2 - 15). Calculate the remainder when 36 is divided by m/35 - (-136)/l.
6
Let a = -1 - -1. Suppose 0 = -6*f + 171 + 3. Let n = f + a. What is the remainder when 56 is divided by n?
27
Suppose -4*a = h + 20, 3*a + 15 = -4*h - 0. Suppose 25*j - 10*j - 692 = -812. Let k = a - j. Calculate the remainder when 3 is divided by k.
0
What is the remainder when 295 is divided by (-1404)/(3 + -16)*(-2)/(-8)?
25
Suppose 0 = o - 21 + 4. Suppose -5*y = -z - 15, 2*y + 7 = -4*z + 35. Suppose -y*h = -8*h + 132. Calculate the remainder when h is divided by o.
16
Suppose 1554 = 49*o + 484 + 727. What is the remainder when (6 - 2)/(-2) + 330 is divided by o?
6
Let i(h) = 12*h + 74. Let o be i(-6). Suppose -x + 55 = 4*k, -7*x + 254 = -o*x - k. What is the remainder when x is divided by 26?
25
Let a = 1572 + -1293. Let i = -10 + 57. Calculate the remainder when a is divided by i.
44
Suppose 185*w + 93000 = 305*w. Calculate the remainder when w is divided by 256.
7
Let a be 1064/10 + 4/(-10). Let r = -60 + a. Calculate the remainder when r is divided by (-186)/(-12) - 8/(-16).
14
Let b = -27 + 27. Suppose b = -7*l + 2*l. Suppose 4*z - 1 - 11 = l. What is the remainder when 7 is divided by z?
1
Let z(b) = -b**3 + 8*b**2 - 2*b + 36. Let j be z(7). Suppose 17*d - 405 = j. Calculate the remainder when 83 is divided by d.
27
Let g = -81 + 83. Suppose 0 = -4*r + 3*z + 825, -g*r - 10*z = -13*z - 417. Calculate the remainder when r is divided by 42.
36
Let t = 267 + -626. Suppose -3*p + 2*k - 71 = -6*p, -4*p = -k - 102. Calculate the remainder when (-1)/(-5) - t/5 is divided by p.
22
Let a be (9 - 10) + (2 - -1). Suppose 3 = -5*w + a*w. Let d(h) = 4*h**2 - h. Calculate the remainder when 18 is divided by d(w).
3
Let g be 39/26*8*2/12. Suppose -a - g*k + 35 = 0, 2*a + 3*a = k + 208. Calculate the remainder when 491 is divided by a.
40
Let r(j) = -j**3 - j**2 + j + 25. Calculate the remainder when 245 - (-13 + 13 - 3) is divided by r(0).
23
Let l(g) = 4*g + 34. Let j be l(20). Let f = -103 + j. Suppose 32 = 4*t - c, 2*t - 2*c - 5 = f. Calculate the remainder when 13 is divided by t.
5
Suppose -4*c = 5*a + 4 + 24, 5*a - 20 = 0. Calculate the remainder when 23 is divided by ((40/c)/(-1))/(4/6).
3
Let j = -51 - -45. Let y be ((-34)/j - -1) + (-2)/(-6). Suppose -y*a - 107 = -583. Calculate the remainder when a is divided by 14.
12
Let m be -2*53 - (0 + (-6)/(-3)). Let a = -70 - m. What is the remainder when 129 - 8 - 9 - (-1 - -1) is divided by a?
36
Suppose -2*r + 23 = 5*u, 3*u - 11 = -r - 2. Let g = r - 10. Suppose 440 = 4*f - 46*q + 42*q, 314 = 3*f + 5*q. What is the remainder when f is divided by g?
10
Let s(a) = 5*a - 127. Let g be s(23). Calculate the remainder when 150 is divided by g + (-77)/(-11) - (-58)/2.
6
Suppose -34 = 30*p - 29*p. Calculate the remainder when (-22)/(-187) + (-16350)/p is divided by 81.
76
Let y = -2161 + 2205. Suppose 0*i = 5*i - 3*x - 862, 0 = 2*i + 2*x - 348. Calculate the remainder when i is divided by y.
41
Suppose 0 = -15*w - 0*w - 600. Let c = 135 + w. Calculate the remainder when c is divided by 14.
11
Suppose 5*h + 236*d - 238*d = 1197, -2*d = -8. What is the remainder when h is divided by 145?
96
Let d(y) = -18*y**2 - 171*y - 19. Calculate the remainder when 609 is divided by d(-9).
51
Let i(p) = 88*p + 1073. Calculate the remainder when i(7) is divided by 561.
6
Suppose 3*n + 7 = t + 9, -3*n + 4*t = -8. Suppose -40*o + 625 + 935 = n. What is the remainder when 113 is divided by o?
35
Let m(u) = u**2 + u + 2. What is the remainder when m(-4) is divided by (-36)/(-8)*(-3 + 1) - -12?
2
What is the remainder when 416 is divided by (5 - (-111)/(-21))/(18/(-12726))?
12
Let d(l) = -l**3 + 19*l**2 + 37*l - 78. Calculate the remainder when 629 is divided by d(19).
4
Let r = 4681 - 4671. Calculate the remainder when 1637 is divided by r.
7
Suppose 14*a + 12*a - 682 = 1034. Calculate the remainder when 153 is divided by a.
21
Let h(c) = c**3 + 11*c**2 - 3*c + 11. Calculate the remainder when 140 is divided by h(-4).
5
Let w = -7587 + 8557. What is the remainder when w is divided by 98?
88
Suppose 0 = -3*p + 1 + 8. Suppose 0 = -